{"id":108,"date":"2025-02-13T14:01:35","date_gmt":"2025-02-13T14:01:35","guid":{"rendered":"https:\/\/grupofrench.com.ar\/?page_id=108"},"modified":"2025-02-14T13:21:30","modified_gmt":"2025-02-14T13:21:30","slug":"home","status":"publish","type":"page","link":"https:\/\/grupofrench.com.ar\/","title":{"rendered":"HOME"},"content":{"rendered":"\t\t<div data-elementor-type=\"wp-page\" data-elementor-id=\"108\" class=\"elementor elementor-108\" data-elementor-post-type=\"page\">\n\t\t\t\t\t\t\t\t\t<section class=\"elementor-section elementor-top-section elementor-element elementor-element-3402268 elementor-section-full_width elementor-section-height-default elementor-section-height-default\" data-id=\"3402268\" data-element_type=\"section\">\n\t\t\t\t\t\t<div class=\"elementor-container elementor-column-gap-default\">\n\t\t\t\t\t<div class=\"elementor-column elementor-col-100 elementor-top-column elementor-element elementor-element-dd51f4c\" data-id=\"dd51f4c\" data-element_type=\"column\">\n\t\t\t<div class=\"elementor-widget-wrap elementor-element-populated\">\n\t\t\t\t\t\t\t\t<section class=\"elementor-section elementor-inner-section elementor-element elementor-element-7f49e5b elementor-section-boxed elementor-section-height-default elementor-section-height-default\" data-id=\"7f49e5b\" data-element_type=\"section\">\n\t\t\t\t\t\t<div class=\"elementor-container elementor-column-gap-default\">\n\t\t\t\t\t<div class=\"elementor-column elementor-col-33 elementor-inner-column elementor-element elementor-element-4b7a933\" data-id=\"4b7a933\" data-element_type=\"column\">\n\t\t\t<div class=\"elementor-widget-wrap\">\n\t\t\t\t\t\t\t\t\t<\/div>\n\t\t<\/div>\n\t\t\t\t<div class=\"elementor-column elementor-col-33 elementor-inner-column elementor-element elementor-element-f0b7cb7\" data-id=\"f0b7cb7\" data-element_type=\"column\">\n\t\t\t<div class=\"elementor-widget-wrap elementor-element-populated\">\n\t\t\t\t\t\t\t\t<div class=\"elementor-element elementor-element-eae79b9 elementor-widget elementor-widget-image\" data-id=\"eae79b9\" data-element_type=\"widget\" data-widget_type=\"image.default\">\n\t\t\t\t<div class=\"elementor-widget-container\">\n\t\t\t<style>\/*! elementor - v3.15.0 - 20-08-2023 *\/\n.elementor-widget-image{text-align:center}.elementor-widget-image a{display:inline-block}.elementor-widget-image a img[src$=\".svg\"]{width:48px}.elementor-widget-image img{vertical-align:middle;display:inline-block}<\/style>\t\t\t\t\t\t\t\t\t\t\t\t<img loading=\"lazy\" decoding=\"async\" width=\"1024\" height=\"198\" src=\"https:\/\/grupofrench.com.ar\/wp-content\/uploads\/2023\/08\/logo_grupo_french-1024x198.png\" class=\"attachment-large size-large wp-image-11\" alt=\"\" srcset=\"https:\/\/grupofrench.com.ar\/wp-content\/uploads\/2023\/08\/logo_grupo_french-1024x198.png 1024w, https:\/\/grupofrench.com.ar\/wp-content\/uploads\/2023\/08\/logo_grupo_french-300x58.png 300w, https:\/\/grupofrench.com.ar\/wp-content\/uploads\/2023\/08\/logo_grupo_french-768x149.png 768w, https:\/\/grupofrench.com.ar\/wp-content\/uploads\/2023\/08\/logo_grupo_french-1536x297.png 1536w, https:\/\/grupofrench.com.ar\/wp-content\/uploads\/2023\/08\/logo_grupo_french-2048x397.png 2048w\" sizes=\"auto, (max-width: 1024px) 100vw, 1024px\" \/>\t\t\t\t\t\t\t\t\t\t\t\t\t\t\t<\/div>\n\t\t\t\t<\/div>\n\t\t\t\t\t<\/div>\n\t\t<\/div>\n\t\t\t\t<div class=\"elementor-column elementor-col-33 elementor-inner-column elementor-element elementor-element-4109fdd\" data-id=\"4109fdd\" data-element_type=\"column\">\n\t\t\t<div class=\"elementor-widget-wrap\">\n\t\t\t\t\t\t\t\t\t<\/div>\n\t\t<\/div>\n\t\t\t\t\t\t\t<\/div>\n\t\t<\/section>\n\t\t\t\t\t<\/div>\n\t\t<\/div>\n\t\t\t\t\t\t\t<\/div>\n\t\t<\/section>\n\t\t\t\t<section class=\"elementor-section elementor-top-section elementor-element elementor-element-5c54aa8 elementor-section-boxed elementor-section-height-default elementor-section-height-default\" data-id=\"5c54aa8\" data-element_type=\"section\">\n\t\t\t\t\t\t<div class=\"elementor-container elementor-column-gap-default\">\n\t\t\t\t\t<div class=\"elementor-column elementor-col-100 elementor-top-column elementor-element elementor-element-acba04a\" data-id=\"acba04a\" data-element_type=\"column\">\n\t\t\t<div class=\"elementor-widget-wrap elementor-element-populated\">\n\t\t\t\t\t\t\t\t<div class=\"elementor-element elementor-element-4cf99a6 elementor-widget elementor-widget-eael-image-accordion\" data-id=\"4cf99a6\" data-element_type=\"widget\" data-widget_type=\"eael-image-accordion.default\">\n\t\t\t\t<div class=\"elementor-widget-container\">\n\t\t\t    <div class=\"eael-img-accordion accordion-direction-horizontal eael-img-accordion-horizontal-align-center eael-img-accordion-vertical-align-center\" id=\"eael-img-accordion-4cf99a6\" data-img-accordion-id=\"4cf99a6\" data-img-accordion-type=\"on-hover\">\n                    \n            <a href=\"http:\/\/181.110.241.21\/tablero\/\" class=\"eael-image-accordion-hover\" style=\"background-image: url(https:\/\/grupofrench.com.ar\/wp-content\/uploads\/2023\/08\/tablero_control-1.png);\"target=\"_blank\"  tabindex=\"0\">\n            <div class=\"overlay\">\n                <div class=\"overlay-inner\">\n                    <div class=\"overlay-inner \">\n                        <h2 class=\"img-accordion-title\">TABLERO DE CONTROL<\/h2>                            <p><p>Puedes consultar reportes de gesti\u00f3n administrativa<\/p><\/p>\n                                            <\/div>\n                <\/div>\n            <\/div>\n            <\/a>\n                    \n            <a href=\"http:\/\/181.110.241.21\/AUTOGESTIONRRHH\/\" class=\"eael-image-accordion-hover\" style=\"background-image: url(https:\/\/grupofrench.com.ar\/wp-content\/uploads\/2023\/08\/autogestion_rrhh.png);\"target=\"_blank\"  tabindex=\"1\">\n            <div class=\"overlay\">\n                <div class=\"overlay-inner\">\n                    <div class=\"overlay-inner \">\n                        <h2 class=\"img-accordion-title\">AUTOGESTI\u00d3N RRHH<\/h2>                            <p><p>Puedes descargar tus recibos de sueldos y gestionar tr\u00e1mites con RRHH<\/p><\/p>\n                                            <\/div>\n                <\/div>\n            <\/div>\n            <\/a>\n                    \n            <a href=\"http:\/\/181.110.241.21\/TABLERO\/Agenda\/Agenda.aspx\" class=\"eael-image-accordion-hover\" style=\"background-image: url(https:\/\/grupofrench.com.ar\/wp-content\/uploads\/2023\/08\/agenda-1.png);\"target=\"_blank\"  tabindex=\"2\">\n            <div class=\"overlay\">\n                <div class=\"overlay-inner\">\n                    <div class=\"overlay-inner \">\n                        <h2 class=\"img-accordion-title\">AGENDA<\/h2>                            <p><p>Agenda de Reuniones<\/p><\/p>\n                                            <\/div>\n                <\/div>\n            <\/div>\n            <\/a>\n                    \n            <a href=\"http:\/\/181.110.241.21\/rrhh\" class=\"eael-image-accordion-hover\" style=\"background-image: url(https:\/\/grupofrench.com.ar\/wp-content\/uploads\/2023\/11\/evaluacion_desempeno.png);\"target=\"_blank\"  tabindex=\"3\">\n            <div class=\"overlay\">\n                <div class=\"overlay-inner\">\n                    <div class=\"overlay-inner \">\n                        <h2 class=\"img-accordion-title\">PRINCIPAL'S ADMINISTRATION SHEET<\/h2>                            <p><p>Panel para la registraci\u00f3n de &#8220;Evaluaciones de Desempe\u00f1o&#8221;<\/p><\/p>\n                                            <\/div>\n                <\/div>\n            <\/div>\n            <\/a>\n                <\/div>\n        <style typr=\"text\/css\">\n                    #eael-img-accordion-4cf99a6 .eael-image-accordion-hover:hover {\n                        flex: 3 1 0% !important;\n                    }\n                    #eael-img-accordion-4cf99a6 .eael-image-accordion-hover:hover:hover .overlay-inner * {\n                        opacity: 1;\n                        visibility: visible;\n                        transform: none;\n                        transition: all .3s .3s;\n                    }\n                <\/style>\t\t<\/div>\n\t\t\t\t<\/div>\n\t\t\t\t\t<\/div>\n\t\t<\/div>\n\t\t\t\t\t\t\t<\/div>\n\t\t<\/section>\n\t\t\t\t<section class=\"elementor-section elementor-top-section elementor-element elementor-element-60c1bf8 elementor-section-boxed elementor-section-height-default elementor-section-height-default\" data-id=\"60c1bf8\" data-element_type=\"section\">\n\t\t\t\t\t\t<div class=\"elementor-container elementor-column-gap-default\">\n\t\t\t\t\t<div class=\"elementor-column elementor-col-100 elementor-top-column elementor-element elementor-element-1c197c3\" data-id=\"1c197c3\" data-element_type=\"column\">\n\t\t\t<div class=\"elementor-widget-wrap elementor-element-populated\">\n\t\t\t\t\t\t\t\t<div class=\"elementor-element elementor-element-02ee36f elementor-widget elementor-widget-eael-image-accordion\" data-id=\"02ee36f\" data-element_type=\"widget\" data-widget_type=\"eael-image-accordion.default\">\n\t\t\t\t<div class=\"elementor-widget-container\">\n\t\t\t    <div class=\"eael-img-accordion accordion-direction-horizontal eael-img-accordion-horizontal-align-center eael-img-accordion-vertical-align-center\" id=\"eael-img-accordion-02ee36f\" data-img-accordion-id=\"02ee36f\" data-img-accordion-type=\"on-hover\">\n                    \n            <a href=\"https:\/\/grupofrench.com.ar\/index.php\/google-workspace\" class=\"eael-image-accordion-hover overlay-active\" style=\"background-image: url(https:\/\/grupofrench.com.ar\/wp-content\/uploads\/2025\/02\/google_w.png); flex: 3 1 0%;\"target=\"_blank\"  tabindex=\"0\">\n            <div class=\"overlay\">\n                <div class=\"overlay-inner\">\n                    <div class=\"overlay-inner  overlay-inner-show\">\n                        <h2 class=\"img-accordion-title\">GOOGLE WORKSPACE<\/h2>                            <p><p>Puedes descargar los instructivos de uso de las herramientas de <br \/>Google Workspace configuradas para nuestras instituciones.<\/p><\/p>\n                                            <\/div>\n                <\/div>\n            <\/div>\n            <\/a>\n                <\/div>\n        <style typr=\"text\/css\">\n                    #eael-img-accordion-02ee36f .eael-image-accordion-hover:hover {\n                        flex: 3 1 0% !important;\n                    }\n                    #eael-img-accordion-02ee36f .eael-image-accordion-hover:hover:hover .overlay-inner * {\n                        opacity: 1;\n                        visibility: visible;\n                        transform: none;\n                        transition: all .3s .3s;\n                    }\n                <\/style>\t\t<\/div>\n\t\t\t\t<\/div>\n\t\t\t\t\t<\/div>\n\t\t<\/div>\n\t\t\t\t\t\t\t<\/div>\n\t\t<\/section>\n\t\t\t\t<section class=\"elementor-section elementor-top-section elementor-element elementor-element-dec4736 elementor-section-boxed elementor-section-height-default elementor-section-height-default\" data-id=\"dec4736\" data-element_type=\"section\">\n\t\t\t\t\t\t<div class=\"elementor-container elementor-column-gap-default\">\n\t\t\t\t\t<div class=\"elementor-column elementor-col-33 elementor-top-column elementor-element elementor-element-839180a\" data-id=\"839180a\" data-element_type=\"column\">\n\t\t\t<div class=\"elementor-widget-wrap\">\n\t\t\t\t\t\t\t\t\t<\/div>\n\t\t<\/div>\n\t\t\t\t<div class=\"elementor-column elementor-col-33 elementor-top-column elementor-element elementor-element-3962f63\" data-id=\"3962f63\" data-element_type=\"column\">\n\t\t\t<div class=\"elementor-widget-wrap elementor-element-populated\">\n\t\t\t\t\t\t\t\t<section class=\"elementor-section elementor-inner-section elementor-element elementor-element-cfb4161 elementor-section-boxed elementor-section-height-default elementor-section-height-default\" data-id=\"cfb4161\" data-element_type=\"section\">\n\t\t\t\t\t\t<div class=\"elementor-container elementor-column-gap-default\">\n\t\t\t\t\t<div class=\"elementor-column elementor-col-33 elementor-inner-column elementor-element elementor-element-e892ec1\" data-id=\"e892ec1\" data-element_type=\"column\">\n\t\t\t<div class=\"elementor-widget-wrap elementor-element-populated\">\n\t\t\t\t\t\t\t\t<div class=\"elementor-element elementor-element-ef3321f elementor-widget elementor-widget-image\" data-id=\"ef3321f\" data-element_type=\"widget\" data-widget_type=\"image.default\">\n\t\t\t\t<div class=\"elementor-widget-container\">\n\t\t\t\t\t\t\t\t\t\t\t\t\t\t\t\t<a href=\"https:\/\/britishschoolcba.com.ar\/\">\n\t\t\t\t\t\t\t<img decoding=\"async\" src=\"https:\/\/grupofrench.com.ar\/wp-content\/uploads\/2023\/08\/logo_british_school_pequeno.png\" title=\"logo_british_school_pequeno\" alt=\"logo_british_school_pequeno\" loading=\"lazy\" \/>\t\t\t\t\t\t\t\t<\/a>\n\t\t\t\t\t\t\t\t\t\t\t\t\t\t\t<\/div>\n\t\t\t\t<\/div>\n\t\t\t\t\t<\/div>\n\t\t<\/div>\n\t\t\t\t<div class=\"elementor-column elementor-col-33 elementor-inner-column elementor-element elementor-element-f9db51b\" data-id=\"f9db51b\" data-element_type=\"column\">\n\t\t\t<div class=\"elementor-widget-wrap elementor-element-populated\">\n\t\t\t\t\t\t\t\t<div class=\"elementor-element elementor-element-3d99c8e elementor-widget elementor-widget-image\" data-id=\"3d99c8e\" data-element_type=\"widget\" data-widget_type=\"image.default\">\n\t\t\t\t<div class=\"elementor-widget-container\">\n\t\t\t\t\t\t\t\t\t\t\t\t\t\t\t\t<a href=\"https:\/\/marktwain.edu.ar\/\">\n\t\t\t\t\t\t\t<img loading=\"lazy\" decoding=\"async\" width=\"721\" height=\"668\" src=\"https:\/\/grupofrench.com.ar\/wp-content\/uploads\/2023\/08\/logo_mark_twain_pequeno.png\" class=\"attachment-large size-large wp-image-47\" alt=\"\" srcset=\"https:\/\/grupofrench.com.ar\/wp-content\/uploads\/2023\/08\/logo_mark_twain_pequeno.png 721w, https:\/\/grupofrench.com.ar\/wp-content\/uploads\/2023\/08\/logo_mark_twain_pequeno-300x278.png 300w\" sizes=\"auto, (max-width: 721px) 100vw, 721px\" \/>\t\t\t\t\t\t\t\t<\/a>\n\t\t\t\t\t\t\t\t\t\t\t\t\t\t\t<\/div>\n\t\t\t\t<\/div>\n\t\t\t\t\t<\/div>\n\t\t<\/div>\n\t\t\t\t<div class=\"elementor-column elementor-col-33 elementor-inner-column elementor-element elementor-element-a8e75ec\" data-id=\"a8e75ec\" data-element_type=\"column\">\n\t\t\t<div class=\"elementor-widget-wrap elementor-element-populated\">\n\t\t\t\t\t\t\t\t<div class=\"elementor-element elementor-element-31235c6 elementor-widget elementor-widget-image\" data-id=\"31235c6\" data-element_type=\"widget\" data-widget_type=\"image.default\">\n\t\t\t\t<div class=\"elementor-widget-container\">\n\t\t\t\t\t\t\t\t\t\t\t\t\t\t\t\t<a href=\"https:\/\/kenrobinson.edu.ar\/\">\n\t\t\t\t\t\t\t<img loading=\"lazy\" decoding=\"async\" width=\"538\" height=\"615\" src=\"https:\/\/grupofrench.com.ar\/wp-content\/uploads\/2023\/08\/logo_ken_robinson_pequeno.png\" class=\"attachment-large size-large wp-image-46\" alt=\"\" srcset=\"https:\/\/grupofrench.com.ar\/wp-content\/uploads\/2023\/08\/logo_ken_robinson_pequeno.png 538w, https:\/\/grupofrench.com.ar\/wp-content\/uploads\/2023\/08\/logo_ken_robinson_pequeno-262x300.png 262w\" sizes=\"auto, (max-width: 538px) 100vw, 538px\" \/>\t\t\t\t\t\t\t\t<\/a>\n\t\t\t\t\t\t\t\t\t\t\t\t\t\t\t<\/div>\n\t\t\t\t<\/div>\n\t\t\t\t\t<\/div>\n\t\t<\/div>\n\t\t\t\t\t\t\t<\/div>\n\t\t<\/section>\n\t\t\t\t\t<\/div>\n\t\t<\/div>\n\t\t\t\t<div class=\"elementor-column elementor-col-33 elementor-top-column elementor-element elementor-element-1d9d190\" data-id=\"1d9d190\" data-element_type=\"column\">\n\t\t\t<div class=\"elementor-widget-wrap\">\n\t\t\t\t\t\t\t\t\t<\/div>\n\t\t<\/div>\n\t\t\t\t\t\t\t<\/div>\n\t\t<\/section>\n\t\t\t\t\t\t\t<\/div>\n\t\t","protected":false},"excerpt":{"rendered":"<p>TABLERO DE CONTROL Puedes consultar reportes de gesti\u00f3n administrativa AUTOGESTI\u00d3N RRHH Puedes descargar tus recibos de sueldos y gestionar tr\u00e1mites con RRHH AGENDA Agenda de Reuniones PRINCIPAL&#8217;S ADMINISTRATION SHEET Panel para la registraci\u00f3n de &#8220;Evaluaciones de Desempe\u00f1o&#8221; GOOGLE WORKSPACE Puedes descargar los instructivos de uso de las herramientas de Google Workspace configuradas para nuestras instituciones.<\/p>\n","protected":false},"author":1,"featured_media":0,"parent":0,"menu_order":0,"comment_status":"closed","ping_status":"closed","template":"elementor_canvas","meta":{"footnotes":""},"class_list":["post-108","page","type-page","status-publish","hentry"],"_links":{"self":[{"href":"https:\/\/grupofrench.com.ar\/index.php\/wp-json\/wp\/v2\/pages\/108","targetHints":{"allow":["GET"]}}],"collection":[{"href":"https:\/\/grupofrench.com.ar\/index.php\/wp-json\/wp\/v2\/pages"}],"about":[{"href":"https:\/\/grupofrench.com.ar\/index.php\/wp-json\/wp\/v2\/types\/page"}],"author":[{"embeddable":true,"href":"https:\/\/grupofrench.com.ar\/index.php\/wp-json\/wp\/v2\/users\/1"}],"replies":[{"embeddable":true,"href":"https:\/\/grupofrench.com.ar\/index.php\/wp-json\/wp\/v2\/comments?post=108"}],"version-history":[{"count":19,"href":"https:\/\/grupofrench.com.ar\/index.php\/wp-json\/wp\/v2\/pages\/108\/revisions"}],"predecessor-version":[{"id":145,"href":"https:\/\/grupofrench.com.ar\/index.php\/wp-json\/wp\/v2\/pages\/108\/revisions\/145"}],"wp:attachment":[{"href":"https:\/\/grupofrench.com.ar\/index.php\/wp-json\/wp\/v2\/media?parent=108"}],"curies":[{"name":"wp","href":"https:\/\/api.w.org\/{rel}","templated":true}]}}